2?
4
Suppose -a + 108 = 2*a - 4*j, 0 = -3*a - j + 108. Calculate the highest common divisor of a and 144.
36
Let b(d) = d**2 + d - 12. Let h be b(7). Let q(s) = -s**2 + 3*s. Let z be q(4). Let v be (-1)/(-1 + (-3)/z). Calculate the greatest common factor of h and v.
4
Suppose l = -f + 12, 4*f - 25 = -5*l + 19. Suppose -4*r = 4 - f. Calculate the greatest common factor of r and 21.
3
Let w = -16 + 21. Calculate the highest common factor of w and 55.
5
Let w(p) = 6*p - 1. Let x be w(6). Suppose -5*i = 19 - 54. Calculate the greatest common factor of i and x.
7
Let r(d) = 6*d**2 - 4*d. Let m be (-5)/(-2) + 1/2. Let h be r(m). What is the greatest common factor of h and 28?
14
Suppose 5*l - 35 - 220 = 0. What is the highest common factor of l and 34?
17
Let c = -14 - -18. Suppose 0 = 2*q + c*f - 68, 2*q - 170 = -3*q + 2*f. Calculate the highest common divisor of 34 and q.
34
Let p be 2 + 1/2*38. Let o = p + -15. Let g = 8 + o. Calculate the greatest common divisor of g and 14.
14
Suppose 3*a + 8 = x - 49, 2*x + 4*a - 134 = 0. Calculate the greatest common factor of 9 and x.
9
Let y = -72 + 44. Let a be 15/2*y/(-21). What is the highest common divisor of a and 20?
10
Let y = 200 + -56. Suppose 3*n + 2*n = 400. Suppose 0*q - 5*q = -n. Calculate the greatest common factor of y and q.
16
Let o = -8 - -10. Suppose -3*b = -o*b - 14. Let w = 5 + 121. What is the highest common divisor of b and w?
14
Let f(o) = -o**3 + 10*o**2 + 2*o - 11. Let m be f(10). Calculate the highest common factor of m and 270.
9
Let g(o) = o**3 - 10*o**2 + 10*o - 5. Let j be g(9). Suppose w - j*w + 336 = 0. What is the highest common factor of 14 and w?
14
Let t = 29 + -7. Let j = 22 + 33. What is the highest common divisor of t and j?
11
Let h(r) = r**2 + 9*r - 15. Let s be h(-12). What is the greatest common factor of 63 and s?
21
Suppose 3 = -4*k + 7*k. Let n = k + 6. Calculate the greatest common divisor of n and 14.
7
Let b be (4/3)/(6/9). Suppose 3*s = k - b, 4*k - 60 = 3*s - 4*s. What is the highest common factor of 84 and k?
14
Suppose 0 = -l + 1 + 3. Suppose i + r - 1 = -0, -l*i = 2*r - 8. What is the highest common divisor of i and 6?
3
Suppose -c = 7 - 2. Let r(o) = o - 4*o + 2*o + 3. Let d be r(c). What is the greatest common divisor of d and 20?
4
Let y be 43/((-2)/2) - -3. Let c = y + 80. Let l(m) = m**2 - 5*m + 4. Let f be l(6). What is the highest common divisor of c and f?
10
Suppose 0 = -0*y - 2*y + 24. Suppose -5*b + 47 = -103. What is the highest common divisor of b and y?
6
Let t = 37 + -21. Calculate the greatest common divisor of t and 40.
8
Suppose -10 = 5*j - 10*j. Let l be (-30)/(-5)*(-1)/j. Let n be (0 - -103) + (-3)/l. Calculate the greatest common factor of 13 and n.
13
Suppose -3*p - 16 = -4*b + 255, b - 67 = p. Calculate the greatest common factor of b and 10.
10
Let f = -32 + 9. Let t = 33 + f. Calculate the highest common factor of t and 70.
10
Let c = 133 + 98. Calculate the greatest common divisor of c and 21.
21
Let l = -125 + 127. What is the greatest common factor of 7 and l?
1
Let n = 5 + 0. Suppose -4*b + n*b = 17. Calculate the highest common divisor of 153 and b.
17
Let p be 4/10 - (-4)/(-10). Let l(a) = 2*a + 36 + p*a - 3*a. Let d be l(0). What is the greatest common factor of d and 18?
18
Let n be (13 + -1)*(8 + -9). Let m = 8 - n. What is the greatest common factor of 8 and m?
4
Let q be ((-3)/(-5))/((-17)/(-340)). Suppose 2*l + 0*l - 2*p = 20, l - 4*p = 22. Let o be 18/7*28/l. Calculate the highest common divisor of q and o.
12
Let v(z) = -z**3 - 5*z**2 + 9*z - 1. Let p be v(-7). Let g be 85/2*24/12. Calculate the greatest common factor of p and g.
17
Suppose 22 = -3*h - 2. Let b(p) = -p**2 - 11*p - 8. Let y be b(h). Calculate the greatest common factor of 40 and y.
8
Let f = 30 + -19. Calculate the greatest common factor of f and 55.
11
Let x(v) = -v**2 - 10*v - 4. Let w be x(-4). Let a be (-16)/(-4) + (-12)/(-3) + 12. What is the greatest common divisor of a and w?
20
Let i be 2 + (-3)/((-9)/6). Let m = 68 - 67. Calculate the greatest common divisor of i and m.
1
Let u(p) = p - 31. Let s be u(10). Let i be 1/(-4) + 133/4. Let d be i/(-2 - s/6). Calculate the greatest common divisor of 11 and d.
11
Let u = -24 - -36. Calculate the highest common factor of 3 and u.
3
Let v(r) = -7*r - 9. Let k be v(-9). Calculate the highest common factor of k and 6.
6
Let q be 8/4*(-8)/(-4). Let y(z) = z**3 + 6*z**2 + 5*z + 4. Let n be y(-5). What is the greatest common divisor of q and n?
4
Let a be (8/(-12))/(2/(-3)). Let k(j) = 35*j**2 - 2*j. Let d be k(a). Suppose 5*x = 4 + 11. What is the highest common divisor of d and x?
3
Let o be (-16 - 2)*4/(-6). What is the highest common factor of o and 60?
12
Let x be 0 - (-45)/(6 + -3). What is the highest common factor of x and 135?
15
Let z = -5 + 7. Suppose z = f, -f - 3 - 19 = -j. Let s = 0 + j. Calculate the greatest common divisor of s and 8.
8
Suppose -2*p - 3*p + 20 = 3*s, -2*s + 5*p + 5 = 0. Suppose -l - z = -16, -45 = -3*l + 4*z - 4. What is the greatest common divisor of l and s?
5
Let y(k) = -k - 1. Let z be ((-1)/(-2))/(1/(-10)). Let m be y(z). Let f = m - -6. What is the greatest common factor of f and 15?
5
Let b(p) = -p. Let d(k) = 11*k - 5. Let g(o) = -b(o) - d(o). Let s = -16 - -11. Let w be g(s). What is the highest common factor of 11 and w?
11
Let n = 10 - 6. Suppose -5*r - p + 33 = 0, -24 = -0*r - 2*r - n*p. Calculate the greatest common divisor of r and 18.
6
Let g be 6/(-5)*30/(-9). Suppose g*f - 11 = 17. Calculate the greatest common factor of 63 and f.
7
Let o(g) = g**3 + 12*g**2 - 3*g - 10. Let y = 1 + -12. Let q be o(y). Calculate the highest common factor of 16 and q.
16
Let n = 9 - 7. What is the highest common factor of n and 18?
2
Let u be (8 - 6) + 10*3. Suppose -3*r - 3*a - u + 113 = 0, a = 3*r - 77. What is the greatest common factor of r and 13?
13
Let k = 26 - 14. Suppose 5*r - r = k. Suppose -5*l = 5*z - 4*l - 52, l + r = 0. Calculate the highest common divisor of 1 and z.
1
Suppose 3*g + 2*g = -4*p - 9, p - 4 = 0. Let r be (g + 4)*(-10)/2. What is the highest common divisor of r and 10?
5
Let w = 1 + 3. Suppose -w*f + 9*f - 20 = 0. Let r(d) = 3*d**2 + 3*d. Let v be r(-2). What is the greatest common factor of f and v?
2
Let l be 483/63 + (-1)/(-3). Calculate the greatest common factor of 6 and l.
2
Let w be (-1568)/(-252) - (-2)/(-9). Calculate the greatest common divisor of 42 and w.
6
Let o = 2 + -11. Let f(i) = i**3 + 10*i**2 + 7*i - 7. Let g be f(o). What is the greatest common divisor of g and 1?
1
Suppose 14 = y - 1. Let i = y - -106. Calculate the highest common factor of 11 and i.
11
Suppose -2*z - 2*z + 88 = 0. Calculate the greatest common divisor of 33 and z.
11
Let a = 125 - 85. What is the greatest common divisor of 10 and a?
10
Let t = 21 - 29. Let z be 37 + t - (0 + 1). What is the highest common divisor of 42 and z?
14
Suppose 5*l + 34 = 2*n, 3*l + 4*n + 8 = -n. Let w = 8 - l. Calculate the highest common divisor of w and 70.
14
Suppose 0 = 29*t - 25*t - 440. Calculate the highest common factor of 10 and t.
10
Suppose -3*z + 4 = -7*z. Let q = 2 - z. Suppose -p = -2*n - 0*p + 49, 4*n - q*p - 103 = 0. What is the greatest common factor of n and 2?
2
Let z(r) = 10*r**2 - 2*r + 2. Let t be z(4). What is the greatest common factor of t and 14?
14
Let i(u) = 5*u - 3. Let a(j) = -j**2 + j + 5. Let x be a(0). Let q be i(x). Let c(s) = -s + 5. Let h be c(-6). Calculate the highest common divisor of h and q.
11
Let l(r) = r**2 - 5*r + 6. Let i be l(6). Calculate the greatest common factor of i and 36.
12
Suppose 2*v = 5*n + 25, -v + 0*v = 4*n + 7. Suppose -v*i + 10 = -60. What is the greatest common factor of i and 42?
14
Let g(o) = -3*o + 2. Let x be g(-3). Suppose r - x = -0*r + 2*f, -f - 19 = -5*r. Suppose -r*h + 150 = 2*h. Calculate the greatest common factor of h and 20.
10
Let n be 104/18 + 4/18. Let o = 6 - n. Suppose o = -5*y - 5 + 50. Calculate the greatest common factor of y and 63.
9
Let g(r) = -r**3 + 22*r**2 + 51*r - 7. Let k be g(24). Calculate the highest common divisor of 13 and k.
13
Let s = 3 + 20. Calculate the highest common factor of 138 and s.
23
Let t(m) = 2*m**2 - m - 10. Let i be t(5). Suppose -g = -5*g + 28. What is the greates